t k(t) = -t**3 - 11*t**2 - 13*t - 25. Let m be k(-10). Let q(a) = -4*a + 7. Determine q(m).
-13
Let i(x) = 1 - 7 + 0*x - 2*x. Suppose u + 2 = -3. Calculate i(u).
4
Let t(x) = -x**3 - x**2 - x - 2. Suppose -5*b - 20 = -5*c, 0*c = 4*b + c - 4. Determine t(b).
-2
Let h(u) be the first derivative of u**4/4 - 2*u**3 + u**2 + 6*u - 24. Calculate h(6).
18
Let k(r) = -r**3 + 2*r**2 - r - 1. Let y(j) = j**3 - 8*j**2 - 8*j - 7. Let u be y(9). Suppose 3*n = 4*n - u. Calculate k(n).
-3
Let z(d) be the first derivative of -5*d**2/2 - 6*d - 64. Give z(5).
-31
Let b(h) = -h**3 + 4*h**2. Let v be 3/(-1) + 8 + -3. Calculate b(v).
8
Let c(b) = 2*b**3 + 5*b**2 + 6*b + 6. Let q(m) = -m**3 - 6*m**2 - 4*m - 6. Let o(w) = -2*c(w) - 3*q(w). Let n = -4 - -12. Calculate o(n).
6
Let f be -3 - ((-6)/4 - (-1)/(-2)). Let l(v) = -4*v**3 - 3*v**2 + 3*v - 4. Let i(r) = -5*r**3 - 4*r**2 + 4*r - 5. Let h(z) = 3*i(z) - 4*l(z). What is h(f)?
0
Let v(j) = j**3 + j**2 - 1. Let u be v(-1). Let w(b) = -3*b + 3. Let y(k) = 11*k - 13. Let m(h) = 9*w(h) + 2*y(h). Give m(u).
6
Let k(c) = -c**3 + 5*c**2 - 6*c + 2. Let d be 161/35 - (-3)/(-5). Give k(d).
-6
Let a(s) = 45*s**2 - 21*s**2 + 1 - 27*s**2 - 2*s. Let p(r) = -r**3 + r - 2. Let t be 0/((-2 - -1) + 0). Let k be p(t). Give a(k).
-7
Let v(s) = -3*s**2 + 32*s - 7. Let o(c) = -c**2 + 11*c - 2. Let l(b) = 11*o(b) - 4*v(b). Determine l(4).
-6
Let d(v) = v - 4. Let t(w) = 10*w - 29. Let z(a) = 5*a - 14. Let k(f) = 3*t(f) - 5*z(f). Let j = -5 - -1. Let x(y) = j*k(y) + 18*d(y). Determine x(-4).
4
Let h(z) = -z + 1. Suppose 3*j - 3 = 12. What is h(j)?
-4
Let d(t) be the first derivative of t**3/3 - 7*t**2/2 + 3*t - 16. Give d(5).
-7
Let y(n) = -n - 9. Let i be 108/14 - 26/(-91). Give y(i).
-17
Let r(a) = -4*a**3 + 10*a + 3*a**3 + 11 - 8*a**2 - 19 + 3. Determine r(-9).
-14
Let u(j) = 2*j - 1. Let b be (-4)/20 + (-302)/(-10). Let y be (-4)/10*1*b. Let n be 1/(2/y*2). Give u(n).
-7
Let a(f) = 11*f**3 - 1. Suppose -4*g - 5 = -1. Give a(g).
-12
Let y(k) = -2*k + k**2 + k - 4*k + 3*k - 4. Calculate y(4).
4
Let k(r) be the first derivative of -r**4/4 + 5*r**3/3 - r**2/2 + 7*r - 14. Determine k(5).
2
Let f(m) = -2*m - 7. Suppose 0*w + 3*w + 18 = 0. Determine f(w).
5
Let x(f) = f**2 - 7*f + 3. Suppose 35*a - 33*a = 12. Determine x(a).
-3
Let m be -2 + (-3 - -3*4). Suppose -3*j + 8*j = 10. Let x(k) = -k**2 - 5*k**j - 1 + k**3 + 11*k - m*k. Give x(5).
-6
Let d(k) = -2*k - 6. Suppose -4*x = -1 + 21. What is d(x)?
4
Let t(u) = -114 - u**2 + 114 - 4*u. Suppose -2 = 5*p - 4*p. Calculate t(p).
4
Let n(p) = p**2 + 6*p + 9. Let a be (-6)/33 - (-225)/(-33). Determine n(a).
16
Let d(i) be the third derivative of i**8/6720 - i**7/840 - i**6/360 + i**5/60 - i**4/24 - 5*i**2. Let b(o) be the second derivative of d(o). Calculate b(3).
-4
Let w(z) = -3*z - 9 + 0*z + 2*z + 2*z. Let y be (14/21)/((-1)/(-6)). Let r be y/18 - 2/9. Give w(r).
-9
Suppose a - 2 + 9 = 0. Let i be (-2 - a)*(2 - 1). Let x(w) = 0*w**2 - i + w**2 + 7 - 4*w. What is x(3)?
-1
Suppose 0 = -0*y - 2*y - 6. Let t(m) = -6*m - 6. Let z(n) = -2*n - 1 + 2*n - n. Let j(h) = -t(h) + 4*z(h). Give j(y).
-4
Let r(d) = 3*d**2 + 2*d + 1. Suppose 3*z - 2*z - 6 = 0. Suppose -5*k - 11 = -z. Calculate r(k).
2
Let o be (3/((-15)/8))/(21/(-105)). Let u(z) = -z**2 + 8*z. What is u(o)?
0
Let k = -23 + 17. Let l(i) = i**3 + 5*i**2 - 4*i + 4. Give l(k).
-8
Let t(g) = -3*g + 5. Let h(n) = -15*n - 13. Let p(x) = -7*x - 6. Let d(k) = -6*h(k) + 13*p(k). Let c(l) = 2*d(l) - t(l). Calculate c(-5).
-10
Let g(u) = 6*u - 9. Let f(n) = 5*n - 8. Let l(r) = 5*f(r) - 4*g(r). Let t(p) = -2*p + 10. Let h(q) = 12*l(q) + 5*t(q). Give h(-4).
-6
Let l(q) = 1 + q**2 + 0*q**2 - 22*q + 38*q - 21*q. What is l(5)?
1
Let c(a) = 6*a**2 - 1. Let x be 0/(-1) - (0 - 1). What is c(x)?
5
Let r(j) = 2*j**2 - 2*j - 1. Let k be -1*4/(-20)*-5. Determine r(k).
3
Let i(u) = u**3 + u**2 - u + 2. Let x be i(0). Let j(v) = 0 + v**x + 2 - 5*v + v. Calculate j(2).
-2
Suppose 16 + 44 = 5*f. Let w be f/10 + (-3)/15. Let l be 1 + w/1*-1. Let i(k) = -k**2 + k + 7. Give i(l).
7
Let a(y) be the third derivative of 2*y**2 + 0 + 0*y + 1/6*y**3 - 1/6*y**4. Give a(-2).
9
Let t(i) = -2*i - 1. Let m be t(2). Let z(f) = 5*f**2 - 6*f**2 - 12 + 5 - 5*f. Give z(m).
-7
Let l = -4 + 7. Let h(r) = -4*r + 4 + 0*r**2 + r**3 - r**2 - l*r**2 - 1. Give h(5).
8
Let a(b) = b + 1. Suppose m + 0*m + 3 = 0. Let o be m/9 - 79/(-3). Suppose -3*h = -5*z - o, h - 4*z = 13 + 5. Determine a(h).
3
Let d(m) = m**2 + 5 - 4*m**2 + 8*m + 4*m**2 + 0*m**2. Give d(-8).
5
Suppose 4 = 4*l + 3*i + 18, 5*i = 10. Let h(c) = -c**2 - c + 5. Calculate h(l).
-15
Let p = 9 + -14. Let m(y) = y + 1. Let j(a) = -2*a - 5. Suppose 0*g = 2*i + 3*g + 6, -18 = -2*i + 3*g. Let l(z) = i*m(z) + j(z). Determine l(p).
-7
Let y(q) = q**2 - 4*q - 6. Let n(h) = 5*h**2 - 19*h - 29. Let a(v) = 2*n(v) - 11*y(v). Let t = -7 + 14. Determine a(t).
1
Let n(g) = -g + 6. Let a be n(6). Suppose -10 = -f + 8. Let d(i) = -i**2 + 3 - f*i + 18*i. Give d(a).
3
Suppose -7*n + 29 - 1 = 0. Let i(u) = 2*u - 5. What is i(n)?
3
Let s(l) = -l - 1. Suppose v - 4*j - 11 = -5*j, 4*v - 36 = 4*j. Suppose -2*x = -3*b - 11, -3*b - 5*x = -v - 7. What is s(b)?
0
Let x(w) = w**2 + 6*w - 7. Let n be x(2). Let r(d) = -d + 12. Give r(n).
3
Let l(y) = -4 - y - 8*y**2 + 0 + 2*y**2 + 1. Let f(j) = 5*j**2 + 2. Let u(s) = 7*f(s) + 6*l(s). Give u(-4).
4
Let l(a) = a + 3. Suppose 4*w + 16 = q, -w + 20 + 81 = 5*q. Suppose -6 = 3*f + 3*s + 18, q = -2*f - 3*s. What is l(f)?
-1
Suppose 3*s - 7 = -5*o + 23, 0 = -5*s + 3*o + 16. Let h(z) = z - 4. Let t be h(s). Let f(i) = -i**2 + 1. Let q be f(t). Let d(c) = -c**2 - c - 6. What is d(q)?
-6
Let h(b) be the second derivative of b**4/12 - b**3/2 + 25*b. What is h(3)?
0
Let o(u) be the second derivative of u**4/12 - u**3 + 4*u**2 + 11*u. What is o(6)?
8
Let g(u) be the second derivative of u**4/24 - 7*u**3/6 + u**2/2 + 3*u. Let m(z) be the first derivative of g(z). Determine m(5).
-2
Let h(m) = -8*m**2 + 7*m + 6. Let u(l) = -9*l**2 + 8*l + 7. Let k(z) = -7*h(z) + 6*u(z). Give k(2).
6
Suppose -2*h = o - 2, 2*o - h - 6 = -o. Let k(d) = 8*d + 1. Give k(o).
17
Let j(o) be the second derivative of o**6/120 - o**5/12 - 7*o**4/24 + 5*o**3/6 - 3*o**2/2 + o. Let m(a) be the first derivative of j(a). Calculate m(6).
-1
Let z(m) = -3*m - 77 + 152 - 75. What is z(3)?
-9
Let n(k) = -7 - 6*k**2 + 12*k**3 - 8*k - 16*k**3 + 3*k**3. Give n(-5).
8
Suppose 11*u = 6*u. Let i(y) = 2 - 3 + 3 + y**3 - y**2. Calculate i(u).
2
Let q(s) = -s**3 + 6*s**2 - 9*s + 1. Let g be q(4). Let b(x) = 3 - 16*x + 0 + 17*x. Give b(g).
0
Suppose 0 = n + 3 - 1. Let x be -3 + (n - (-21)/3). Let y(l) = 2 + 3*l**x + 6*l - 2*l**2 + 1. Calculate y(-6).
3
Let x(h) = h**2 - 1. Let r(b) = 2*b**2 + 3*b + 4. Let c(o) = -r(o) + x(o). Give c(-4).
-9
Suppose -2*h = 1 - 5. Let l(y) be the first derivative of 2 - y + 5/2*y**h. Calculate l(1).
4
Suppose 4*f + 3*m + 2*m - 19 = 0, f + 8 = 3*m. Let t(g) = -f - 6*g + 1 + 4*g. Give t(1).
-2
Let a(y) = y**2 - y + 3. Let m be (14/6)/(6/18). Let q(b) = b**2 - 8*b + 5. Let p be q(m). Let r be p + (-2)/4*-4. Give a(r).
3
Let u(s) = -4*s**3 - s**2 + s + 1. Suppose -5*h + 2*h + 42 = 0. Let j = h - 15. What is u(j)?
3
Suppose 2*u - 10 = m, m - 16 = -2*u - m. Let q(f) be the first derivative of -f**3/3 + 2*f**2 + 4*f - 3. Give q(u).
-8
Let c(i) = 2*i + 3*i + 2*i**2 + 3*i - 3*i**2 - 2. What is c(7)?
5
Suppose 0 = 2*r - 10, -3*r + 0*r + 27 = 4*u. Suppose 55 = -4*v - 5*z - 12, u*z - 93 = 5*v. Let j = v + 13. Let s(f) = f + 4. Determine s(j).
-1
Let i = -1 - 3. Let j(k) = -k**3 - 4*k**2 - 2*k - 1. What is j(i)?
7
Let x(o) = -o**2 + o - 4. Suppose -g + 8 = -4. Let t be 3/(-1) - g/(-4). Calculate x(t).
-4
Suppose 3*u = m - 4, -1 = -5*u + 4*m + 4. Let x(b) be the first derivative of -b**4/4 - 4*b**3/3 - b**2 + 3*b - 2. Calculate x(u).
0
Suppose 0 = -5*u + 4*z - 10, -z + 6*z = 4*u + 17. Let g(h) = h**3 - h. What is g(u)?
6
Suppose -d - 6 = -2*d - v, -2*v - 8 = -2*d. Let l(g) = -g**2 + 7*g - 6. Calculate l(d).
4
Let x(z) = -z**2 + 3*z + 4. Let d be 14*((-3)/(-2) + -1). Let r = -3 + d. Determine x(r).
0
Let n(z) = -z**2 - z + 2. Let w be n(-2). Let j(s) = -s**3 - 6*s**2 + w*s**2 - s - 3 - 1. Calculate j(-6).
2
Let q(j) be the first derivative of -3*j**4/2 -